 divisor of h and 140.
20
Let a = 123 + -97. Suppose a*w = 11*w + 45. What is the greatest common divisor of 33 and w?
3
Let r be (-2 + 1)*-1*(-14 + 45). Calculate the greatest common factor of r and 217.
31
Suppose 3*d - 40 = 8. What is the greatest common divisor of 72 and d?
8
Let p be (-45)/2*(-8)/(-6). Let d = -23 - p. What is the highest common divisor of d and 42?
7
Suppose a - 2*w = 56, 5*a + w + 76 - 334 = 0. Let c = -9581 + 9711. Calculate the highest common factor of c and a.
26
Let f = -75 - -116. Suppose f*v = 40*v + 120. Calculate the greatest common factor of v and 48.
24
Let q = -91 - -156. Suppose -5*c + q + 30 = 0. Let d = c - 15. Calculate the greatest common divisor of 4 and d.
4
Let a = -483 + 492. What is the greatest common factor of a and 801?
9
Let w(h) = -3*h**3 + 3*h**2 - h - 7. Let z be w(-3). Calculate the greatest common factor of 78 and z.
26
Let m = -123 + 137. Calculate the highest common factor of 70 and m.
14
Let l(j) = 2 + 6*j - 6*j + j + 10. Let g be l(16). What is the highest common factor of g and 252?
28
Suppose 0 = 2*x - 4*x + 2*l + 10, -4*x = 3*l - 6. Suppose 50 = x*t - 85. What is the highest common divisor of t and 27?
9
Suppose 30*l + 1452 = 41*l. Calculate the greatest common divisor of 99 and l.
33
Let o(s) be the second derivative of -3*s**3 - 23*s**2/2 - 38*s. Let w be o(-15). Calculate the greatest common divisor of w and 19.
19
Let w = -579 - -1040. Let u = w + -246. Suppose 5*f = -5*s + u, 3*f + 28 = 2*s - 83. Calculate the highest common divisor of 6 and s.
6
Let h = -429 + 437. Calculate the greatest common factor of 40 and h.
8
Suppose 5*b + 0*t - t - 33 = 0, 2*b - t - 15 = 0. Let c be (-22)/(-209) - 2504/(-38). Calculate the greatest common factor of b and c.
6
Let p(z) = -2*z**3 + 11*z**2 - 9*z + 52. Let g be p(5). Calculate the highest common factor of 1952 and g.
32
Let x(t) = 4*t + 65. Let q be x(-6). Suppose p - q = 103. Calculate the highest common factor of p and 32.
16
Let o(v) = v**3 - 5*v**2 - 5*v - 4. Let h = -85 - -91. Let s be o(h). Calculate the highest common divisor of 18 and s.
2
Let b(a) = 3*a**3 - 3*a**2 + 9*a - 45. Let k be b(5). What is the greatest common divisor of k and 15?
15
Let b(k) = -k**3 - 7*k**2 + 8*k - 4. Let v be b(-8). Let p be -2*86/(-4) + v. What is the greatest common divisor of p and 195?
39
Suppose -21*b - 215 = -3491. What is the highest common divisor of 520 and b?
52
Suppose 0 = -151*i + 154*i - 1248. Calculate the highest common divisor of i and 156.
52
Let o be (7/4)/((-2)/(-96)). Calculate the greatest common divisor of 12 and o.
12
Let t be (90/(-12) + 3)*-2. Calculate the highest common divisor of t and 117.
9
Let x = -222 + 232. Calculate the highest common divisor of x and 4.
2
Let v be 1 + 1 + 3 + -2. Suppose -4*k = z - 63, 3*z = 2*k - 15 - 6. Suppose -v*o - k = -6*o. Calculate the greatest common factor of 20 and o.
5
Let y = 17 - 99. Let t = y + 173. What is the highest common factor of 39 and t?
13
Let d = -25 - -43. Suppose -4*i - 58 = -2*q, -2*q + 9 = -5*i - 53. Let j = q - d. Calculate the greatest common divisor of j and 27.
3
Suppose 3*p - 4*f - 2867 = 0, -36 + 16 = 4*f. Calculate the greatest common factor of 26 and p.
13
Suppose 382 = 3*i - 4*l - 250, -3*l = 15. What is the highest common factor of 51 and i?
51
Let q = -735 - -797. Calculate the highest common factor of 1333 and q.
31
Suppose -3*r = m, 5 + 5 = -3*m + r. Let i be 80/(-6)*(-5 + m + 2). What is the highest common factor of i and 10?
10
Let j be 288/28 - ((-15)/21 + 1). Calculate the highest common divisor of 45 and j.
5
Suppose -m = -4*x + 50, 2*m - 52 = -4*x + 4*m. Let a(b) = 34*b**2 + 4*b + 4. Let z be a(-2). What is the highest common divisor of x and z?
12
Suppose 0 = -2*d + 5*w - 19, -4*d + 3*d + 3*w = 7. Let u = d - -31. Calculate the greatest common factor of u and 72.
9
Suppose 0 = 39*k - 40*k + 60. Let t be k/(2/(12/9)). What is the greatest common divisor of t and 20?
20
Let u = -56 - -61. Suppose 0*y = -4*y - 2*j + 124, -u*y - j = -152. Calculate the highest common factor of 210 and y.
30
Suppose 0 = -u + 2 + 9. Let n = 31 - 20. Calculate the greatest common divisor of n and u.
11
Suppose -2*o + 49 = a, -12 + 55 = 2*o - 5*a. Calculate the greatest common divisor of o and 18.
6
Suppose 4*i - 204 = -2*y, -2*y + 229 - 34 = -5*i. Suppose -2*j - y = -4*s - j, s - 30 = -j. What is the highest common factor of s and 13?
13
Suppose 5*l = 93 + 67. Calculate the highest common divisor of 168 and l.
8
Suppose 0 = -3*l - h + 359, 4*l + 86 - 533 = 5*h. Let n = l + 178. Calculate the highest common divisor of 37 and n.
37
Let x be (17/4)/((-57)/(-6840)). Calculate the highest common factor of 3 and x.
3
Suppose 0 = 4*p + 8 + 12, 3*y - 3*p = 93. What is the greatest common divisor of y and 234?
26
Let l be 1 - 450/(-4) - 27/18. Calculate the greatest common divisor of 16 and l.
16
Let t(d) = 4 - 7 - 9 - 7*d - 4*d + d**2. Let y be t(-9). Calculate the greatest common factor of 21 and y.
21
Suppose 0 = -3*m + 5*a + 784, 697 - 2029 = -5*m + 2*a. Let o = 557 - m. Suppose -o = -4*t + 287. What is the greatest common factor of 16 and t?
16
Let f = 476 - 432. What is the highest common factor of 20 and f?
4
Let h be (-2 - -12)*(-23)/(-2). Calculate the highest common divisor of h and 138.
23
Let f = 848 - 833. Let b(l) = -l + 8. Let i be b(-7). What is the greatest common factor of f and i?
15
Suppose 0 = 5*x + 25, -b - 4*b - x = -25. Let m(w) = 3*w**2 - 11*w + 27. Let c be m(3). What is the greatest common factor of b and c?
3
Let j = -44 + 50. Suppose j*g - 12 = 30. What is the greatest common factor of g and 14?
7
Let m be (-34)/(-6) - 6/(-18). Suppose 0 = 3*i + s - m*s - 193, -2*i + 3*s + 127 = 0. Calculate the highest common divisor of i and 7.
7
Let d = 132 + -60. Suppose -2*r + 3*w + 15 + 18 = 0, 110 = 5*r - 2*w. Calculate the highest common factor of d and r.
24
Let w be 2/8 - (-279)/4. Suppose -19*u + 14*u + w = 0. Let p(h) = -h**2 + 3*h + 2. Let q be p(3). What is the highest common factor of u and q?
2
Suppose 196 = 4*f - 164. Let k(g) = -g**2 + 6*g + 1. Let z be k(2). Let n = f + z. Calculate the highest common factor of 9 and n.
9
Let p(d) = 12*d + 234. Let u be p(-7). What is the highest common factor of 210 and u?
30
Let m be 675/3*(-5)/(-4 + -1). What is the highest common divisor of m and 45?
45
Let x = 17 - 10. Suppose x*k = 2*k. Let i(d) = -d**3 - d**2 + d + 21. Let b be i(k). Calculate the highest common divisor of b and 7.
7
Let g(h) = 16*h - 15. Let q be g(2). What is the highest common factor of q and 153?
17
Suppose 0 = 185*o - 188*o + 48. What is the greatest common divisor of o and 2?
2
Suppose 28*j - 33*j + 100 = 0. Calculate the greatest common factor of j and 32.
4
Let s be (-1625)/10*12/(-5). Suppose 100 = -r - 101. Let c = s + r. Calculate the highest common divisor of c and 21.
21
Let w(k) = -4*k + 8. Let t = -13 - -6. Let o be w(t). Let r = 6 + o. Calculate the highest common factor of r and 28.
14
Let q = -22 - -27. Suppose -m + 28 + q = 0. What is the greatest common factor of 297 and m?
33
Suppose -332*l + 2030 = -303*l. Calculate the greatest common factor of 378 and l.
14
Let r(h) = h**2 - 6*h + 10. Let k(s) = s**2 - 8*s + 9. Let t be k(7). Suppose -g + t = -5. Let c be r(g). Calculate the greatest common factor of c and 136.
17
Suppose l = -g + 31, -l = -0*g + 5*g - 163. Calculate the greatest common factor of g and 528.
33
Let v = -374 - -383. Suppose 2*b + 2*b + 88 = r, -4*r + 4*b = -304. Calculate the highest common divisor of r and v.
9
Suppose -s - 6883 = -5*g, 4*s + 5500 = 3*g + g. Calculate the greatest common factor of 9 and g.
9
Let q be 3/((-7371)/616 + 12). What is the greatest common divisor of 72 and q?
8
Let q be 0 + (-1 - -24 - 2). Suppose 2*v + a - 18 = 0, v - 10 - 9 = -3*a. Calculate the greatest common factor of v and q.
7
Suppose 3*t - 3*m - 27 = 0, 4*m = -10*t + 5*t. Suppose -t*w = -72 + 16. What is the greatest common factor of 98 and w?
14
Suppose 7*o - 3*o - 1960 = 0. Let x = o + -302. Calculate the highest common factor of 47 and x.
47
Suppose r - 25 = 22. Let q = 25 - r. Let s be (1 - -2 - 4)*q. What is the highest common factor of s and 22?
22
Suppose -2*x + 4*w + 30 = 0, -3*x = -3*w + 7*w + 5. Let m = 116 -